*2 - 2*k. Suppose 5*t + 5 - 40 = 0. What is the units digit of j(t)?
9
Let a(u) = 10*u + 15. Let j(t) = 9*t + 14. Let o(w) = 5*a(w) - 6*j(w). What is the units digit of o(-13)?
3
Suppose 326 = -3*l + 7*l + 2*b, 0 = -5*b - 25. What is the units digit of l?
4
Suppose 40 = -7*v + 8*v. What is the tens digit of v?
4
What is the units digit of (-8)/2 + 3 + 38?
7
Suppose 2*c + 8 = 2*p, -3 = -3*p - c + 1. Let a(w) = -6 - 4 + 9 - 2*w + w**p. What is the units digit of a(3)?
2
Let h be (-3)/2*64/24. Let x(f) = -f**3 - 3*f**2 - f + 4. What is the units digit of x(h)?
4
Suppose 3 = 3*i - 0*i. Let z(y) = 2*y + 2. Let r be z(-5). Let u = i - r. What is the units digit of u?
9
Let m(w) be the third derivative of w**6/120 - w**5/15 + w**4/24 + 3*w**2. What is the units digit of m(4)?
4
Let u(q) = 6*q**2 + 12*q + q**3 + 4 - 12*q. Let m be u(-6). Let f = -1 + m. What is the units digit of f?
3
Let p = 2 + -4. Let v be -6*(-1)/2 - p. Suppose 12 + 23 = v*g. What is the units digit of g?
7
What is the tens digit of (-2)/((-5)/((-1940)/(-8)))?
9
Let j be 52/10 - 1/5. Let y(l) = 7 - l**2 - j - 8*l + 4 + 4. What is the units digit of y(-7)?
7
Suppose -6 = -3*p - 4*y, 10 - 2 = -p + 2*y. What is the units digit of -6*p*2/4?
6
Suppose -i + 28 = i. Suppose -i = s - 46. What is the units digit of s?
2
Let r(x) = 14*x**2 - 1. Suppose -5*h = 5*d - 20, 0 = 3*d - 6*d - 2*h + 9. What is the tens digit of r(d)?
1
Let i be 864/33 + 4/(-22). Suppose d = -x + 2*x - i, 38 = x + 5*d. Suppose 5*l = l + x. What is the units digit of l?
7
Let p be (11 - 3)/4 + 8. What is the tens digit of ((-88)/p)/((-2)/5)?
2
What is the tens digit of (-5 - -2)*-31 + (-30)/15?
9
Let p(v) = v**3 - 14*v**2 + 14*v + 7. Let b = 6 + -2. Let s be 13/1 + -4 + b. What is the tens digit of p(s)?
2
Suppose -370 = -5*l + 630. Suppose 0 = 4*t + t - l. What is the tens digit of t?
4
Let w(c) = c**2 + c + 4. Suppose -7 = -5*q - l - 27, 3*l + 24 = -3*q. Let y be w(q). Suppose -y = -2*t + t. What is the tens digit of t?
1
Let c be ((-33)/12 - -2)*4. Let y be (-76)/(-16) + c/4. What is the tens digit of y - 7 - (-38)/2?
1
Let b(h) = 6*h - 9. Let g be b(6). Let z = g + 6. What is the units digit of z?
3
Let s = 11 + -15. Let y be 2 - (s + 2 + -1). Suppose 2*z = -5*i + 2, i - y*z = 33 - 11. What is the units digit of i?
2
Let q(o) be the third derivative of -o**5/60 - o**4/4 - 2*o**2. Let n be q(-5). Suppose -18 = -n*k + 2. What is the units digit of k?
4
Suppose -4*h + 3*o + 191 = 1, -3*h - 3*o = -132. What is the tens digit of h?
4
Let s(l) = -2*l**2 - 4*l. Let g be s(-3). Let y(k) = k + 8. Let w be y(g). Suppose -5*h - 4*n + 34 = -2*n, -2*n + 10 = w*h. What is the units digit of h?
8
Let z be -9*(3/9 + 0). Let j be z*(-4 - -3) + -1. What is the units digit of (j - -7) + (1 - -2)?
2
Suppose 3*x - 29 = 2*x. What is the units digit of x?
9
Let p = 13 + -15. Let k(f) = -5*f**3 - 2*f**2 - 2. What is the units digit of k(p)?
0
Let h(p) = -p**2 + p + 1. Let s be 354/15 - (-4)/10. Let f be ((-6)/s)/(1/(-4)). What is the units digit of h(f)?
1
What is the units digit of 18*((-20)/12 - -5)?
0
What is the hundreds digit of 2*(4 - (-342)/4)?
1
Let q = -7 + 14. What is the units digit of q?
7
Let n(o) = -20*o + 38. What is the tens digit of n(-6)?
5
Suppose 5*v - 3*i - 213 = 0, -5*v + 7*i = 3*i - 214. What is the units digit of v?
2
What is the units digit of (-244)/(-16) - 1/4?
5
Let o(h) = -h**3 + 7*h**2 + 10*h - 8. Let c = 10 + -5. Suppose -2*t - 3*i = -31, -t = -c*i + 20 - 3. What is the units digit of o(t)?
8
Let w(j) be the third derivative of j**5/60 + j**4/3 + 2*j**3 + j**2. What is the units digit of w(-8)?
2
Let t = 3 - 5. Let i = t - 2. Let u = 15 + i. What is the tens digit of u?
1
Let r(n) = -33*n - 2 + 18*n + 0. What is the tens digit of r(-2)?
2
Suppose -4*u + 0 = -4. Suppose 26 = 5*m + u. Suppose k = m*b - 35, b + 3*k - 8 = 15. What is the units digit of b?
8
Let o be (-10)/4 + 2/4. Let a = 8 + o. What is the units digit of a?
6
Let w = -18 + 22. Suppose 165 = w*i + 3*q, -4*i + 0*q + 190 = -2*q. What is the units digit of i?
5
Let k(r) = r**2 - 2 - 4*r**2 + r + 5*r**2. Suppose 11 = 3*b + 5. What is the units digit of k(b)?
8
Suppose 0 = -s - 3*q + 18, -s + q = 3*s - 124. What is the tens digit of s?
3
What is the units digit of 1*(4 + 78 + 3)?
5
Suppose -2*f = f + 3*i + 6, 5*i + 5 = 0. Let o(s) be the second derivative of -5*s**3/3 + s**2/2 + 2*s. What is the units digit of o(f)?
1
Let t = 24 + -5. What is the units digit of t?
9
What is the units digit of (-2*(-90)/(-25))/(6/(-105))?
6
Let r = -5 + 19. Suppose -5*k = -r - 26. What is the units digit of k?
8
Let c = -54 - -60. Let m(q) = -2*q - 4. Let d be m(-3). What is the units digit of (-8)/(-6) - d/c?
1
Suppose -13*o + 338 = -780. What is the tens digit of o?
8
Suppose 176 = 5*z - 89. What is the units digit of z?
3
Let m be -1 + 0 - 1 - -4. Suppose q - 3*q + 3*y = 19, y = -m*q - 15. Let g = 17 + q. What is the units digit of g?
9
Suppose -17 = -6*o + 1. Suppose -52 + 133 = o*d. What is the tens digit of d?
2
Let s(k) = k**2 - 4*k. Let z be s(5). Suppose 2 + z = c. Suppose c*l = 3*l + 24. What is the units digit of l?
6
Let a(m) = 3*m**2 + 2*m + 1. Let g be a(-2). What is the units digit of (-2)/(-6) - (-24)/g?
3
Suppose 0 = -4*z + 2*z. What is the units digit of 8 - 2 - (z - -1)?
5
What is the hundreds digit of (3 + -2)*-2*(-326)/4?
1
Suppose 0 = -5*d + 64 + 156. What is the tens digit of d?
4
Suppose -1 = -2*x - g, -g - g + 5 = 5*x. Suppose x*b + 0 = 36. What is the units digit of b?
2
Let u(j) be the third derivative of -j**5/120 + j**4/2 + j**3/6 - 2*j**2. Let p(y) be the first derivative of u(y). What is the units digit of p(5)?
7
Suppose 5*l = 15, b + l - 3 = 3. Suppose 2*v + a + a + 2 = 0, 3*v - b*a - 15 = 0. What is the tens digit of (4 - v) + 9 + 2?
1
Let l = -11 + 13. Let t(h) = 6*h**2 + 4*h - 5. What is the units digit of t(l)?
7
Let z be -1*(0 + -3 + 1). Suppose z*v = -n + 16 - 1, 0 = -v + n + 9. Suppose 0 = 2*g - 3*g + v. What is the units digit of g?
8
Let k = -11 - -13. Suppose -k = -4*o + 82. What is the tens digit of o?
2
What is the units digit of 224/6 + (-6)/18?
7
Suppose 63 = 5*t + z, 4*z = -3*t - 6 + 54. Let p = t - -3. What is the tens digit of p?
1
Let o(f) = 9*f**3 - f**2 + f + 1. What is the tens digit of o(1)?
1
Let a be (-3)/(-9)*3 + 145. Suppose -4*n = -s - a - 89, 4*s + 280 = 5*n. Suppose 7*o - n = 2*o. What is the tens digit of o?
1
Let d = -85 - -41. What is the tens digit of ((-18)/12)/(2/d)?
3
Suppose -100 - 40 = -2*w. Suppose 4*j - w = -6. What is the tens digit of j?
1
Let i(w) = -6*w - 3. Let g be i(-2). Suppose 5*d - g - 1 = 0. Suppose 2*l = -4*x + 26, d*x + 2*l - 19 = -l. What is the units digit of x?
5
Suppose 4*m + 3*s = 6*s + 27, -5*m + 57 = 4*s. What is the units digit of m/6 + 1/2?
2
What is the tens digit of 298/9 - (-7)/(-63)?
3
Let l(m) = -m**3 - 10*m**2 + 9*m - 9. Let z = -6 + -5. What is the units digit of l(z)?
3
Let t(k) = 0 - k**2 - 2 + 6*k + 3*k**2. Let r be t(-5). Suppose -2*q - r = -5*q. What is the units digit of q?
6
Let j(c) = c**3 - 9*c**2 + 6*c - 5. What is the units digit of j(9)?
9
Let j be (-6)/(-9)*42/4. Suppose -3*g + j + 20 = 0. What is the units digit of g?
9
Let i = 0 - 1. Let c = i + 6. What is the units digit of c?
5
Let d be 92/8 - (-1)/2. Suppose 5*r = 2*r + d. What is the units digit of r?
4
Let b(q) be the third derivative of q**6/120 + q**5/60 + q**3/6 - q**2. Let n(y) = -y + 4. Let d be n(4). What is the units digit of b(d)?
1
Let z be (0 + 14/(-8))*-48. Let m = z - 264. What is the units digit of (-2)/3*m/8?
5
Let r(h) = -h - 1. Let y be r(-2). Suppose 0 = m + y - 3. Suppose m*n - 4 = 6. What is the units digit of n?
5
Let b(a) = -3*a**2 + a**2 + 8*a**3 - 2*a**3 - 2 - a. Let s be b(2). Suppose 4*n = 4*w + n - 4, 5*n = -4*w + s. What is the units digit of w?
4
Let s be (-6)/(-27) + (-34)/(-9). Suppose l - 2 = s*g + 2, 2*g = 5*l - 2. Suppose l = y + p + 2, -5*y - 2*p + 3*p = -8. What is the units digit of y?
1
Let o = 15 + -5. What is the units digit of o?
0
Let m(v) = v**3 + 20*v**2 - 6*v - 13. What is the hundreds digit of m(-20)?
1
Suppose -4 = r - 5*r. Let o = r + 33. What is the tens digit of o?
3
Let z = 181 - 114. Let u = z - 25. Suppose 6*m - m - l - u = 0, -4*m + 4*l = -